{"id":781,"date":"2022-05-16T19:18:01","date_gmt":"2022-05-16T22:18:01","guid":{"rendered":"https:\/\/nucleoyogaterapiahormonal.com.br\/classroom\/?page_id=781"},"modified":"2025-07-30T14:11:55","modified_gmt":"2025-07-30T17:11:55","slug":"faca-parte","status":"publish","type":"page","link":"https:\/\/nucleoyogaterapiahormonal.com.br\/classroom\/faca-parte\/","title":{"rendered":"Fa\u00e7a Parte"},"content":{"rendered":"\t\t<div data-elementor-type=\"wp-page\" data-elementor-id=\"781\" class=\"elementor elementor-781\" data-elementor-settings=\"{&quot;ha_cmc_init_switcher&quot;:&quot;no&quot;}\" data-elementor-post-type=\"page\">\n\t\t\t\t\t\t<section class=\"elementor-section elementor-top-section elementor-element elementor-element-de6b0ff elementor-hidden-tablet elementor-hidden-mobile elementor-section-boxed elementor-section-height-default elementor-section-height-default\" data-id=\"de6b0ff\" data-element_type=\"section\" data-settings=\"{&quot;_ha_eqh_enable&quot;:false}\">\n\t\t\t\t\t\t<div class=\"elementor-container elementor-column-gap-default\">\n\t\t\t\t\t<div class=\"elementor-column elementor-col-50 elementor-top-column elementor-element elementor-element-88b27d2\" data-id=\"88b27d2\" data-element_type=\"column\">\n\t\t\t<div class=\"elementor-widget-wrap elementor-element-populated\">\n\t\t\t\t\t\t<div class=\"elementor-element elementor-element-1721ce8 elementor-widget elementor-widget-heading\" data-id=\"1721ce8\" data-element_type=\"widget\" data-widget_type=\"heading.default\">\n\t\t\t\t<div class=\"elementor-widget-container\">\n\t\t\t\t\t<h2 class=\"elementor-heading-title elementor-size-default\">BECOME OUR<br \/>\r\nNYTH PARTNER<\/h2>\t\t\t\t<\/div>\n\t\t\t\t<\/div>\n\t\t\t\t<div class=\"elementor-element elementor-element-951b701 elementor-widget elementor-widget-heading\" data-id=\"951b701\" data-element_type=\"widget\" data-widget_type=\"heading.default\">\n\t\t\t\t<div class=\"elementor-widget-container\">\n\t\t\t\t\t<h2 class=\"elementor-heading-title elementor-size-default\">Join the NYTH community and be discovered by students from all over the country.<\/h2>\t\t\t\t<\/div>\n\t\t\t\t<\/div>\n\t\t\t\t<div class=\"elementor-element elementor-element-3cb0a17 elementor-hidden-desktop elementor-hidden-tablet elementor-hidden-mobile elementor-widget elementor-widget-heading\" data-id=\"3cb0a17\" data-element_type=\"widget\" data-widget_type=\"heading.default\">\n\t\t\t\t<div class=\"elementor-widget-container\">\n\t\t\t\t\t<h2 class=\"elementor-heading-title elementor-size-default\">Solicite o cadastro no site aqui<\/h2>\t\t\t\t<\/div>\n\t\t\t\t<\/div>\n\t\t\t\t<div class=\"elementor-element elementor-element-6bccef8 elementor-align-left elementor-hidden-desktop elementor-hidden-tablet elementor-hidden-mobile elementor-invisible elementor-widget elementor-widget-button\" data-id=\"6bccef8\" data-element_type=\"widget\" data-settings=\"{&quot;_animation&quot;:&quot;fadeInUp&quot;,&quot;_animation_delay&quot;:1000}\" data-widget_type=\"button.default\">\n\t\t\t\t<div class=\"elementor-widget-container\">\n\t\t\t\t\t\t\t\t\t<div class=\"elementor-button-wrapper\">\n\t\t\t\t\t<a class=\"elementor-button elementor-button-link elementor-size-sm\" href=\"mailto:nythormonal@gmail.com?subject=Solicito%20cadastro%20no%20site\">\n\t\t\t\t\t\t<span class=\"elementor-button-content-wrapper\">\n\t\t\t\t\t\t\t\t\t<span class=\"elementor-button-text\">Quero me cadastrar<\/span>\n\t\t\t\t\t<\/span>\n\t\t\t\t\t<\/a>\n\t\t\t\t<\/div>\n\t\t\t\t\t\t\t\t<\/div>\n\t\t\t\t<\/div>\n\t\t\t\t\t<\/div>\n\t\t<\/div>\n\t\t\t\t<div class=\"elementor-column elementor-col-50 elementor-top-column elementor-element elementor-element-d036db0\" data-id=\"d036db0\" data-element_type=\"column\">\n\t\t\t<div class=\"elementor-widget-wrap elementor-element-populated\">\n\t\t\t\t\t\t<div class=\"elementor-element elementor-element-f420369 elementor-invisible elementor-widget elementor-widget-image\" data-id=\"f420369\" data-element_type=\"widget\" data-settings=\"{&quot;_animation&quot;:&quot;fadeInRight&quot;}\" data-widget_type=\"image.default\">\n\t\t\t\t<div class=\"elementor-widget-container\">\n\t\t\t\t\t\t\t\t\t\t\t\t\t\t\t<img fetchpriority=\"high\" decoding=\"async\" width=\"573\" height=\"429\" src=\"https:\/\/nucleoyogaterapiahormonal.com.br\/classroom\/wp-content\/uploads\/2022\/05\/banner-faca-parte.png\" class=\"attachment-large size-large wp-image-456\" alt=\"\" srcset=\"https:\/\/nucleoyogaterapiahormonal.com.br\/classroom\/wp-content\/uploads\/2022\/05\/banner-faca-parte.png 573w, https:\/\/nucleoyogaterapiahormonal.com.br\/classroom\/wp-content\/uploads\/2022\/05\/banner-faca-parte-300x225.png 300w\" sizes=\"(max-width: 573px) 100vw, 573px\" \/>\t\t\t\t\t\t\t\t\t\t\t\t\t\t\t<\/div>\n\t\t\t\t<\/div>\n\t\t\t\t\t<\/div>\n\t\t<\/div>\n\t\t\t\t\t<\/div>\n\t\t<\/section>\n\t\t\t\t<section class=\"elementor-section elementor-top-section elementor-element elementor-element-c5b69d0 elementor-hidden-desktop elementor-section-boxed elementor-section-height-default elementor-section-height-default\" data-id=\"c5b69d0\" data-element_type=\"section\" data-settings=\"{&quot;_ha_eqh_enable&quot;:false}\">\n\t\t\t\t\t\t<div class=\"elementor-container elementor-column-gap-default\">\n\t\t\t\t\t<div class=\"elementor-column elementor-col-50 elementor-top-column elementor-element elementor-element-7625a60\" data-id=\"7625a60\" data-element_type=\"column\">\n\t\t\t<div class=\"elementor-widget-wrap elementor-element-populated\">\n\t\t\t\t\t\t<div class=\"elementor-element elementor-element-99e0aa5 elementor-widget elementor-widget-image\" data-id=\"99e0aa5\" data-element_type=\"widget\" data-widget_type=\"image.default\">\n\t\t\t\t<div class=\"elementor-widget-container\">\n\t\t\t\t\t\t\t\t\t\t\t\t\t\t\t<img fetchpriority=\"high\" decoding=\"async\" width=\"573\" height=\"429\" src=\"https:\/\/nucleoyogaterapiahormonal.com.br\/classroom\/wp-content\/uploads\/2022\/05\/banner-faca-parte.png\" class=\"attachment-large size-large wp-image-456\" alt=\"\" srcset=\"https:\/\/nucleoyogaterapiahormonal.com.br\/classroom\/wp-content\/uploads\/2022\/05\/banner-faca-parte.png 573w, https:\/\/nucleoyogaterapiahormonal.com.br\/classroom\/wp-content\/uploads\/2022\/05\/banner-faca-parte-300x225.png 300w\" sizes=\"(max-width: 573px) 100vw, 573px\" \/>\t\t\t\t\t\t\t\t\t\t\t\t\t\t\t<\/div>\n\t\t\t\t<\/div>\n\t\t\t\t\t<\/div>\n\t\t<\/div>\n\t\t\t\t<div class=\"elementor-column elementor-col-50 elementor-top-column elementor-element elementor-element-40e1335\" data-id=\"40e1335\" data-element_type=\"column\">\n\t\t\t<div class=\"elementor-widget-wrap elementor-element-populated\">\n\t\t\t\t\t\t<div class=\"elementor-element elementor-element-4986f52 elementor-widget elementor-widget-heading\" data-id=\"4986f52\" data-element_type=\"widget\" data-widget_type=\"heading.default\">\n\t\t\t\t<div class=\"elementor-widget-container\">\n\t\t\t\t\t<h2 class=\"elementor-heading-title elementor-size-default\">BECOME OUR<br \/>\r\nNYTH PARTNER<\/h2>\t\t\t\t<\/div>\n\t\t\t\t<\/div>\n\t\t\t\t<div class=\"elementor-element elementor-element-d6e2a3b elementor-widget elementor-widget-heading\" data-id=\"d6e2a3b\" data-element_type=\"widget\" data-widget_type=\"heading.default\">\n\t\t\t\t<div class=\"elementor-widget-container\">\n\t\t\t\t\t<h2 class=\"elementor-heading-title elementor-size-default\">Join the NYTH community and be discovered by students from all over the country.<\/h2>\t\t\t\t<\/div>\n\t\t\t\t<\/div>\n\t\t\t\t<div class=\"elementor-element elementor-element-f307aad elementor-widget elementor-widget-heading\" data-id=\"f307aad\" data-element_type=\"widget\" data-widget_type=\"heading.default\">\n\t\t\t\t<div class=\"elementor-widget-container\">\n\t\t\t\t\t<h2 class=\"elementor-heading-title elementor-size-default\">A gente guia voc\u00ea em<br>\ntodos os passos.<\/h2>\t\t\t\t<\/div>\n\t\t\t\t<\/div>\n\t\t\t\t<div class=\"elementor-element elementor-element-3cc7563 elementor-align-left elementor-mobile-align-center elementor-widget elementor-widget-button\" data-id=\"3cc7563\" data-element_type=\"widget\" data-widget_type=\"button.default\">\n\t\t\t\t<div class=\"elementor-widget-container\">\n\t\t\t\t\t\t\t\t\t<div class=\"elementor-button-wrapper\">\n\t\t\t\t\t<a class=\"elementor-button elementor-button-link elementor-size-sm\" href=\"#fomulario\">\n\t\t\t\t\t\t<span class=\"elementor-button-content-wrapper\">\n\t\t\t\t\t\t\t\t\t<span class=\"elementor-button-text\">Vamos l\u00e1<\/span>\n\t\t\t\t\t<\/span>\n\t\t\t\t\t<\/a>\n\t\t\t\t<\/div>\n\t\t\t\t\t\t\t\t<\/div>\n\t\t\t\t<\/div>\n\t\t\t\t\t<\/div>\n\t\t<\/div>\n\t\t\t\t\t<\/div>\n\t\t<\/section>\n\t\t\t\t<section class=\"elementor-section elementor-top-section elementor-element elementor-element-7b2c8e4 elementor-section-boxed elementor-section-height-default elementor-section-height-default\" data-id=\"7b2c8e4\" data-element_type=\"section\" id=\"fomulario\" data-settings=\"{&quot;_ha_eqh_enable&quot;:false}\">\n\t\t\t\t\t\t<div class=\"elementor-container elementor-column-gap-default\">\n\t\t\t\t\t<div class=\"elementor-column elementor-col-100 elementor-top-column elementor-element elementor-element-5b6b7a9\" data-id=\"5b6b7a9\" data-element_type=\"column\">\n\t\t\t<div class=\"elementor-widget-wrap elementor-element-populated\">\n\t\t\t\t\t\t<div class=\"elementor-element elementor-element-f2b83f6 elementor-widget elementor-widget-heading\" data-id=\"f2b83f6\" data-element_type=\"widget\" data-widget_type=\"heading.default\">\n\t\t\t\t<div class=\"elementor-widget-container\">\n\t\t\t\t\t<h2 class=\"elementor-heading-title elementor-size-default\">Want to be part of the NYTH community?<\/h2>\t\t\t\t<\/div>\n\t\t\t\t<\/div>\n\t\t\t\t<div class=\"elementor-element elementor-element-c013adb elementor-widget elementor-widget-heading\" data-id=\"c013adb\" data-element_type=\"widget\" data-widget_type=\"heading.default\">\n\t\t\t\t<div class=\"elementor-widget-container\">\n\t\t\t\t\t<h2 class=\"elementor-heading-title elementor-size-default\">Have you already completed your specialization in\nYoga Hormone Therapy using the Dinah Rodrigues method?<\/h2>\t\t\t\t<\/div>\n\t\t\t\t<\/div>\n\t\t\t\t\t<\/div>\n\t\t<\/div>\n\t\t\t\t\t<\/div>\n\t\t<\/section>\n\t\t\t\t<section class=\"elementor-section elementor-top-section elementor-element elementor-element-c0599e5 elementor-section-boxed elementor-section-height-default elementor-section-height-default\" data-id=\"c0599e5\" data-element_type=\"section\" data-settings=\"{&quot;_ha_eqh_enable&quot;:false}\">\n\t\t\t\t\t\t<div class=\"elementor-container elementor-column-gap-default\">\n\t\t\t\t\t<div class=\"elementor-column elementor-col-100 elementor-top-column elementor-element elementor-element-e6f2749\" data-id=\"e6f2749\" data-element_type=\"column\">\n\t\t\t<div class=\"elementor-widget-wrap elementor-element-populated\">\n\t\t\t\t\t\t<div class=\"elementor-element elementor-element-6a13646 elementor-align-justify animated-slow elementor-invisible elementor-widget elementor-widget-button\" data-id=\"6a13646\" data-element_type=\"widget\" id=\"button-1\" data-settings=\"{&quot;_animation&quot;:&quot;fadeInLeft&quot;,&quot;_animation_delay&quot;:1000}\" data-widget_type=\"button.default\">\n\t\t\t\t<div class=\"elementor-widget-container\">\n\t\t\t\t\t\t\t\t\t<div class=\"elementor-button-wrapper\">\n\t\t\t\t\t<a class=\"elementor-button elementor-button-link elementor-size-sm\" href=\"mailto:nyhormonal@gmail.com?subject=Venho%20do%20site%20NYTH%20English%20e%20sim,%20completei%20a%20especializa\u00e7\u00e3o\/quero%20fazer%20meu%20cadastro%20no%20NYTH\">\n\t\t\t\t\t\t<span class=\"elementor-button-content-wrapper\">\n\t\t\t\t\t\t\t\t\t<span class=\"elementor-button-text\">Yes, I completed my specialization | I want to register at NYTH<\/span>\n\t\t\t\t\t<\/span>\n\t\t\t\t\t<\/a>\n\t\t\t\t<\/div>\n\t\t\t\t\t\t\t\t<\/div>\n\t\t\t\t<\/div>\n\t\t\t\t<div class=\"elementor-element elementor-element-be9c6c2 elementor-align-justify animated-slow elementor-invisible elementor-widget elementor-widget-button\" data-id=\"be9c6c2\" data-element_type=\"widget\" id=\"button-2\" data-settings=\"{&quot;_animation&quot;:&quot;fadeInRight&quot;,&quot;_animation_delay&quot;:1500}\" data-widget_type=\"button.default\">\n\t\t\t\t<div class=\"elementor-widget-container\">\n\t\t\t\t\t\t\t\t\t<div class=\"elementor-button-wrapper\">\n\t\t\t\t\t<a class=\"elementor-button elementor-button-link elementor-size-sm\" href=\"https:\/\/www.dinahrodrigues.com.br\/home-en\" target=\"_blank\">\n\t\t\t\t\t\t<span class=\"elementor-button-content-wrapper\">\n\t\t\t\t\t\t\t\t\t<span class=\"elementor-button-text\">I am a yoga teacher and I want to specialize in Hormonal Yoga Therapy.<\/span>\n\t\t\t\t\t<\/span>\n\t\t\t\t\t<\/a>\n\t\t\t\t<\/div>\n\t\t\t\t\t\t\t\t<\/div>\n\t\t\t\t<\/div>\n\t\t\t\t<div class=\"elementor-element elementor-element-de3f96f elementor-align-justify animated-slow elementor-invisible elementor-widget elementor-widget-button\" data-id=\"de3f96f\" data-element_type=\"widget\" id=\"button-3\" data-settings=\"{&quot;_animation&quot;:&quot;fadeInLeft&quot;,&quot;_animation_delay&quot;:2000}\" data-widget_type=\"button.default\">\n\t\t\t\t<div class=\"elementor-widget-container\">\n\t\t\t\t\t\t\t\t\t<div class=\"elementor-button-wrapper\">\n\t\t\t\t\t<a class=\"elementor-button elementor-button-link elementor-size-sm\" href=\"mailto:nyhormonal@gmail.com?subject=Venho%20do%20site%20NYTH%20English,%20N\u00e3o%20tenho%20forma\u00e7\u00e3o%20em%20yoga%20mas%20gostaria%20de%20ser%20Yogaterapeuta%20Hormonal\/Quero%20fazer%20o%20curso%20de%20forma\u00e7\u00e3o%20em%20yoga\">\n\t\t\t\t\t\t<span class=\"elementor-button-content-wrapper\">\n\t\t\t\t\t\t\t\t\t<span class=\"elementor-button-text\">I don't have any training in Yoga, but I would like to be a Hormonal Yoga Therapist | I want to take the Yoga training course<\/span>\n\t\t\t\t\t<\/span>\n\t\t\t\t\t<\/a>\n\t\t\t\t<\/div>\n\t\t\t\t\t\t\t\t<\/div>\n\t\t\t\t<\/div>\n\t\t\t\t\t<\/div>\n\t\t<\/div>\n\t\t\t\t\t<\/div>\n\t\t<\/section>\n\t\t\t\t<\/div>\n\t\t","protected":false},"excerpt":{"rendered":"<p>Solicite o cadastro no site aqui Quero me cadastrar A gente guia voc\u00ea em todos os passos. Vamos l\u00e1 Want to be part of the NYTH community? Have you already completed your specialization in Yoga Hormone Therapy using the Dinah Rodrigues method? Yes, I completed my specialization | I want to register at NYTH I [&hellip;]<\/p>\n","protected":false},"author":8,"featured_media":0,"parent":0,"menu_order":0,"comment_status":"closed","ping_status":"closed","template":"elementor_header_footer","meta":{"_acf_changed":false,"inline_featured_image":false,"cybocfi_hide_featured_image":"","footnotes":""},"class_list":["post-781","page","type-page","status-publish","hentry"],"acf":[],"yoast_head":"<!-- This site is optimized with the Yoast SEO plugin v27.3 - https:\/\/yoast.com\/product\/yoast-seo-wordpress\/ -->\n<title>Fa\u00e7a Parte - NYTH<\/title>\n<meta name=\"robots\" content=\"index, follow, max-snippet:-1, max-image-preview:large, max-video-preview:-1\" \/>\n<link rel=\"canonical\" href=\"https:\/\/nucleoyogaterapiahormonal.com.br\/classroom\/faca-parte\/\" \/>\n<meta property=\"og:locale\" content=\"pt_BR\" \/>\n<meta property=\"og:type\" content=\"article\" \/>\n<meta property=\"og:title\" content=\"Fa\u00e7a Parte - NYTH\" \/>\n<meta property=\"og:description\" content=\"Solicite o cadastro no site aqui Quero me cadastrar A gente guia voc\u00ea em todos os passos. Vamos l\u00e1 Want to be part of the NYTH community? Have you already completed your specialization in Yoga Hormone Therapy using the Dinah Rodrigues method? Yes, I completed my specialization | I want to register at NYTH I [&hellip;]\" \/>\n<meta property=\"og:url\" content=\"https:\/\/nucleoyogaterapiahormonal.com.br\/classroom\/faca-parte\/\" \/>\n<meta property=\"og:site_name\" content=\"NYTH\" \/>\n<meta property=\"article:modified_time\" content=\"2025-07-30T17:11:55+00:00\" \/>\n<meta property=\"og:image\" content=\"https:\/\/nucleoyogaterapiahormonal.com.br\/classroom\/wp-content\/uploads\/2022\/05\/favicon.png\" \/>\n\t<meta property=\"og:image:width\" content=\"500\" \/>\n\t<meta property=\"og:image:height\" content=\"500\" \/>\n\t<meta property=\"og:image:type\" content=\"image\/png\" \/>\n<meta name=\"twitter:card\" content=\"summary_large_image\" \/>\n<meta name=\"twitter:label1\" content=\"Est. tempo de leitura\" \/>\n\t<meta name=\"twitter:data1\" content=\"1 minuto\" \/>\n<script type=\"application\/ld+json\" class=\"yoast-schema-graph\">{\"@context\":\"https:\\\/\\\/schema.org\",\"@graph\":[{\"@type\":\"WebPage\",\"@id\":\"https:\\\/\\\/nucleoyogaterapiahormonal.com.br\\\/classroom\\\/faca-parte\\\/\",\"url\":\"https:\\\/\\\/nucleoyogaterapiahormonal.com.br\\\/classroom\\\/faca-parte\\\/\",\"name\":\"Fa\u00e7a Parte - NYTH\",\"isPartOf\":{\"@id\":\"https:\\\/\\\/nucleoyogaterapiahormonal.com.br\\\/classroom\\\/#website\"},\"datePublished\":\"2022-05-16T22:18:01+00:00\",\"dateModified\":\"2025-07-30T17:11:55+00:00\",\"breadcrumb\":{\"@id\":\"https:\\\/\\\/nucleoyogaterapiahormonal.com.br\\\/classroom\\\/faca-parte\\\/#breadcrumb\"},\"inLanguage\":\"pt-BR\",\"potentialAction\":[{\"@type\":\"ReadAction\",\"target\":[\"https:\\\/\\\/nucleoyogaterapiahormonal.com.br\\\/classroom\\\/faca-parte\\\/\"]}]},{\"@type\":\"BreadcrumbList\",\"@id\":\"https:\\\/\\\/nucleoyogaterapiahormonal.com.br\\\/classroom\\\/faca-parte\\\/#breadcrumb\",\"itemListElement\":[{\"@type\":\"ListItem\",\"position\":1,\"name\":\"In\u00edcio\",\"item\":\"https:\\\/\\\/nucleoyogaterapiahormonal.com.br\\\/classroom\\\/\"},{\"@type\":\"ListItem\",\"position\":2,\"name\":\"Fa\u00e7a Parte\"}]},{\"@type\":\"WebSite\",\"@id\":\"https:\\\/\\\/nucleoyogaterapiahormonal.com.br\\\/classroom\\\/#website\",\"url\":\"https:\\\/\\\/nucleoyogaterapiahormonal.com.br\\\/classroom\\\/\",\"name\":\"NYTH\",\"description\":\"N\u00facleo de Yoga Terapia Hormonal\",\"publisher\":{\"@id\":\"https:\\\/\\\/nucleoyogaterapiahormonal.com.br\\\/classroom\\\/#organization\"},\"potentialAction\":[{\"@type\":\"SearchAction\",\"target\":{\"@type\":\"EntryPoint\",\"urlTemplate\":\"https:\\\/\\\/nucleoyogaterapiahormonal.com.br\\\/classroom\\\/?s={search_term_string}\"},\"query-input\":{\"@type\":\"PropertyValueSpecification\",\"valueRequired\":true,\"valueName\":\"search_term_string\"}}],\"inLanguage\":\"pt-BR\"},{\"@type\":\"Organization\",\"@id\":\"https:\\\/\\\/nucleoyogaterapiahormonal.com.br\\\/classroom\\\/#organization\",\"name\":\"Nucleo Yoga Terapia Hormonal - NYTH\",\"url\":\"https:\\\/\\\/nucleoyogaterapiahormonal.com.br\\\/classroom\\\/\",\"logo\":{\"@type\":\"ImageObject\",\"inLanguage\":\"pt-BR\",\"@id\":\"https:\\\/\\\/nucleoyogaterapiahormonal.com.br\\\/classroom\\\/#\\\/schema\\\/logo\\\/image\\\/\",\"url\":\"https:\\\/\\\/nucleoyogaterapiahormonal.com.br\\\/classroom\\\/wp-content\\\/uploads\\\/2022\\\/05\\\/favicon.png\",\"contentUrl\":\"https:\\\/\\\/nucleoyogaterapiahormonal.com.br\\\/classroom\\\/wp-content\\\/uploads\\\/2022\\\/05\\\/favicon.png\",\"width\":500,\"height\":500,\"caption\":\"Nucleo Yoga Terapia Hormonal - NYTH\"},\"image\":{\"@id\":\"https:\\\/\\\/nucleoyogaterapiahormonal.com.br\\\/classroom\\\/#\\\/schema\\\/logo\\\/image\\\/\"}}]}<\/script>\n<!-- \/ Yoast SEO plugin. -->","yoast_head_json":{"title":"Fa\u00e7a Parte - NYTH","robots":{"index":"index","follow":"follow","max-snippet":"max-snippet:-1","max-image-preview":"max-image-preview:large","max-video-preview":"max-video-preview:-1"},"canonical":"https:\/\/nucleoyogaterapiahormonal.com.br\/classroom\/faca-parte\/","og_locale":"pt_BR","og_type":"article","og_title":"Fa\u00e7a Parte - NYTH","og_description":"Solicite o cadastro no site aqui Quero me cadastrar A gente guia voc\u00ea em todos os passos. Vamos l\u00e1 Want to be part of the NYTH community? Have you already completed your specialization in Yoga Hormone Therapy using the Dinah Rodrigues method? Yes, I completed my specialization | I want to register at NYTH I [&hellip;]","og_url":"https:\/\/nucleoyogaterapiahormonal.com.br\/classroom\/faca-parte\/","og_site_name":"NYTH","article_modified_time":"2025-07-30T17:11:55+00:00","og_image":[{"width":500,"height":500,"url":"https:\/\/nucleoyogaterapiahormonal.com.br\/classroom\/wp-content\/uploads\/2022\/05\/favicon.png","type":"image\/png"}],"twitter_card":"summary_large_image","twitter_misc":{"Est. tempo de leitura":"1 minuto"},"schema":{"@context":"https:\/\/schema.org","@graph":[{"@type":"WebPage","@id":"https:\/\/nucleoyogaterapiahormonal.com.br\/classroom\/faca-parte\/","url":"https:\/\/nucleoyogaterapiahormonal.com.br\/classroom\/faca-parte\/","name":"Fa\u00e7a Parte - NYTH","isPartOf":{"@id":"https:\/\/nucleoyogaterapiahormonal.com.br\/classroom\/#website"},"datePublished":"2022-05-16T22:18:01+00:00","dateModified":"2025-07-30T17:11:55+00:00","breadcrumb":{"@id":"https:\/\/nucleoyogaterapiahormonal.com.br\/classroom\/faca-parte\/#breadcrumb"},"inLanguage":"pt-BR","potentialAction":[{"@type":"ReadAction","target":["https:\/\/nucleoyogaterapiahormonal.com.br\/classroom\/faca-parte\/"]}]},{"@type":"BreadcrumbList","@id":"https:\/\/nucleoyogaterapiahormonal.com.br\/classroom\/faca-parte\/#breadcrumb","itemListElement":[{"@type":"ListItem","position":1,"name":"In\u00edcio","item":"https:\/\/nucleoyogaterapiahormonal.com.br\/classroom\/"},{"@type":"ListItem","position":2,"name":"Fa\u00e7a Parte"}]},{"@type":"WebSite","@id":"https:\/\/nucleoyogaterapiahormonal.com.br\/classroom\/#website","url":"https:\/\/nucleoyogaterapiahormonal.com.br\/classroom\/","name":"NYTH","description":"N\u00facleo de Yoga Terapia Hormonal","publisher":{"@id":"https:\/\/nucleoyogaterapiahormonal.com.br\/classroom\/#organization"},"potentialAction":[{"@type":"SearchAction","target":{"@type":"EntryPoint","urlTemplate":"https:\/\/nucleoyogaterapiahormonal.com.br\/classroom\/?s={search_term_string}"},"query-input":{"@type":"PropertyValueSpecification","valueRequired":true,"valueName":"search_term_string"}}],"inLanguage":"pt-BR"},{"@type":"Organization","@id":"https:\/\/nucleoyogaterapiahormonal.com.br\/classroom\/#organization","name":"Nucleo Yoga Terapia Hormonal - NYTH","url":"https:\/\/nucleoyogaterapiahormonal.com.br\/classroom\/","logo":{"@type":"ImageObject","inLanguage":"pt-BR","@id":"https:\/\/nucleoyogaterapiahormonal.com.br\/classroom\/#\/schema\/logo\/image\/","url":"https:\/\/nucleoyogaterapiahormonal.com.br\/classroom\/wp-content\/uploads\/2022\/05\/favicon.png","contentUrl":"https:\/\/nucleoyogaterapiahormonal.com.br\/classroom\/wp-content\/uploads\/2022\/05\/favicon.png","width":500,"height":500,"caption":"Nucleo Yoga Terapia Hormonal - NYTH"},"image":{"@id":"https:\/\/nucleoyogaterapiahormonal.com.br\/classroom\/#\/schema\/logo\/image\/"}}]}},"_links":{"self":[{"href":"https:\/\/nucleoyogaterapiahormonal.com.br\/classroom\/wp-json\/wp\/v2\/pages\/781","targetHints":{"allow":["GET"]}}],"collection":[{"href":"https:\/\/nucleoyogaterapiahormonal.com.br\/classroom\/wp-json\/wp\/v2\/pages"}],"about":[{"href":"https:\/\/nucleoyogaterapiahormonal.com.br\/classroom\/wp-json\/wp\/v2\/types\/page"}],"author":[{"embeddable":true,"href":"https:\/\/nucleoyogaterapiahormonal.com.br\/classroom\/wp-json\/wp\/v2\/users\/8"}],"replies":[{"embeddable":true,"href":"https:\/\/nucleoyogaterapiahormonal.com.br\/classroom\/wp-json\/wp\/v2\/comments?post=781"}],"version-history":[{"count":155,"href":"https:\/\/nucleoyogaterapiahormonal.com.br\/classroom\/wp-json\/wp\/v2\/pages\/781\/revisions"}],"predecessor-version":[{"id":3189,"href":"https:\/\/nucleoyogaterapiahormonal.com.br\/classroom\/wp-json\/wp\/v2\/pages\/781\/revisions\/3189"}],"wp:attachment":[{"href":"https:\/\/nucleoyogaterapiahormonal.com.br\/classroom\/wp-json\/wp\/v2\/media?parent=781"}],"curies":[{"name":"wp","href":"https:\/\/api.w.org\/{rel}","templated":true}]}}